se -t*y = -4 - 11. Let u(d) = 3*d**2 - 5*d + 2. Give u(y).
14
Let y(b) = -b**3 - 4*b**2 + 8*b + 3. Let x(h) = 3*h**2 - 22*h + 19. Let p be x(6). What is y(p)?
-12
Let c(r) be the third derivative of r**5/60 - r**4/3 - 5*r**3/3 + 14*r**2 - 3*r. Give c(9).
-1
Let j(c) = c - 3. Let n(h) = -3*h + 8. Let u(f) = 2*j(f) + n(f). Give u(-10).
12
Let o be 3/(2/4 + -1). Let j(p) = 9 + 1825393*p - 3 - 1825394*p. What is j(o)?
12
Let c be -5 + (8/(-12))/((-4)/42). Let r(z) be the first derivative of 2*z - 8 - 1/2*z**c. What is r(7)?
-5
Let c(n) = -3*n**2 - 11*n + 13. Let q(y) = -y**2 - 4*y + 4. Let j(a) = -6*c(a) + 17*q(a). Let u be j(5). Let b(t) = 3*t + 3. Give b(u).
18
Let i(y) = y**2 - y + 1. Let x = 8 - 9. Let a(p) = 3*p**2 + 2*p - 1. Let h be (-3)/9 + 32/6. Let q(u) = h*i(u) + x*a(u). What is q(4)?
10
Let z(r) = r + 3. Suppose 5*y - 15 = -0*y. Let h(j) = j**3 - 2*j**y - 3*j - 3*j - 8*j**2 + 7. Let a be h(-7). Give z(a).
3
Let b(c) = -c**3 - c**2. Let h be b(1). Let l(r) = -8. Let n(p) = -2*p**2 - 3*p - 25. Let v(x) = 3*l(x) - n(x). Determine v(h).
3
Let w(n) = -2*n - 4. Let k be w(-4). Let s(r) = -10 + 19 - 4 - k. Let l(y) = 5*y - 6. Let b(c) = -l(c) - 6*s(c). Calculate b(-1).
5
Let m(k) be the second derivative of 0 - 1/2*k**4 - 1/2*k**2 + 46*k + 1/6*k**3 - 1/20*k**5. Give m(-6).
-7
Suppose -34*s - 162 + 502 = 0. Let j(d) = -d + 16. What is j(s)?
6
Let u be (1/(2/(-4)))/2. Let v(n) be the first derivative of -1464 - 5*n**2 + 1440 + 3*n**2. Give v(u).
4
Let v(a) = a**2 - 11*a + 12. Let g(p) = 4*p**3 - 4*p**3 + 9 - p**3 + 5*p**2 + 2*p**2. Let i be g(7). What is v(i)?
-6
Let h = -3 + 8. Let l(n) = -32 - 28 + 61 + h*n. Give l(1).
6
Let t be 1 + -2 + 2 + -3. Suppose -3*a + 6*a = 0. Let z(y) = 5 - 7 - y + a + y**2. Determine z(t).
4
Let a(s) = s - 3. Suppose 26*t - 12*t = -42. Determine a(t).
-6
Let t be (-7)/((-28)/8) - -1*8. Suppose t*n + 12 = 7*n. Let q(o) = -o**3 - 4*o**2 - 4. Give q(n).
-4
Let p(s) be the third derivative of s**6/120 - s**5/10 + 7*s**4/24 - 7*s**3/6 + s**2. Let i(u) = -343*u - 1367. Let m be i(-4). Determine p(m).
3
Let z(r) = -r**2 + 2*r - 2. Let y(o) = -3*o + 1. Let i(f) = -y(f) - z(f). Calculate i(2).
7
Let j(i) = 16*i**3 - 10*i**2 - 4*i - 5. Let v(q) = 13*q**3 - 9*q**2 - 3*q - 5. Let n(y) = 5*j(y) - 6*v(y). What is n(-4)?
-51
Let g(j) = 26*j**2 - 2*j + 1. Let f(d) = 7*d - 6. Let z be f(1). Give g(z).
25
Let m = -12 - -15. Suppose -2*d - m = -7. Let l(u) = -u**3 + 3*u**2 - 3*u + 2. Calculate l(d).
0
Suppose -2*g - 24 = 4*g. Let f(a) = 19*a + 17*a - 3 - 2 - 37*a. What is f(g)?
-1
Let x(m) = 2*m**3 + 8*m**2 + 2*m + 15. Let g be x(-4). Let p(t) = t**3 - 8*t**2 + 11*t - 16. Calculate p(g).
12
Let w(b) = 5*b**3 - 3*b**2 - 6*b + 5. Let s(i) = -2*i**3 + 2*i**2 + 3*i - 2. Let c(a) = -7*s(a) - 3*w(a). Suppose 238 + 232 = -5*o. Let x = o - -91. Give c(x).
-10
Let n(h) = 12*h - 11. Let v = 554 - 553. Calculate n(v).
1
Let i(t) = -t. Let g(j) = j**2 - 8*j + 9. Let w be g(8). Suppose n = -w + 15. Let f be 32/6*9/n. Calculate i(f).
-8
Let k = 8 + -11. Let r be k/6*0 - -5. Let u(z) = 2*z**2 - 4*z - 4. Let p(x) = -3*x**2 + 6*x + 6. Let b(w) = r*p(w) + 8*u(w). Give b(3).
1
Let r(j) = 2*j + 1. Let s(p) = p**2 - 4*p - 17. Let i be s(7). Let b be ((-6)/i)/(18/(-204)). Let y = 15 - b. Calculate r(y).
-3
Let i(r) be the second derivative of r**5/20 + 3*r**4/4 + r**3/3 + 11*r**2/2 + 36*r - 2. Calculate i(-9).
-7
Let u(y) = 5*y**2 - 3*y + 3. Let c(d) = 4 + 5 + 6*d**2 - 2 - 3 - 3*d. Let h(k) = 3*c(k) - 4*u(k). Determine h(3).
-9
Let o(x) = 13*x**2 - 1. Suppose 5*g + 3 = 2*g. Let s be (-1 - g) + -1 - 13. Let l be (-18)/s - (-12)/(-42). Calculate o(l).
12
Let h(x) = -5*x**3 - 3*x**2 - 3*x + 9. Let a(j) = 3*j**3 + 3*j**2 + 4*j - 7. Let s(k) = 3*a(k) + 2*h(k). Calculate s(5).
-23
Let m(g) = g**2 + 5*g + 1. Let f be m(-6). Suppose 0 = 5*z - 3*r - f, 4 = 4*r - 0*r. Let l(q) = -1 + 13*q**2 + 2*q - 10*q**z - 3*q. Determine l(2).
9
Let f(h) = 2*h**2 + 21*h - 24. Let c be f(-12). Let s(m) = -m + 24. Give s(c).
12
Let b(j) = -j**2 + 10*j + 4. Let r = -92 + 102. Determine b(r).
4
Let m(i) = 2*i**2 + 2*i**2 - 12 - 9*i - 5*i**2. Let f be 5/(-3)*18/(-20)*2. Suppose -4 = 5*o - f*o - 4*b, 0 = -4*b - 12. Determine m(o).
-4
Let m(s) be the second derivative of s**5/60 - s**4/6 - s**3/6 - 27*s**2/2 - 40*s. Let v(d) be the first derivative of m(d). Calculate v(4).
-1
Let w(u) be the third derivative of -1/12*u**5 - 1/120*u**6 + 0 - 1/6*u**3 - 2*u**2 + 0*u - 1/12*u**4. Calculate w(-3).
-13
Suppose -i = -2*i + 2. Let f(t) be the third derivative of 0 - 2*t**2 + 1/3*t**4 - 1/2*t**3 + 0*t. Determine f(i).
13
Let h be ((24/18)/(-2))/((-1)/9). Suppose -8*z = h + 2. Let k(i) = -6*i + 1. Calculate k(z).
7
Suppose -5*k + 23*k = 90. Let q(x) be the second derivative of -x**6/240 + x**5/30 + x**4/12 + 2*x. Let m(g) be the third derivative of q(g). What is m(k)?
-11
Let n(f) = -f**2 - 6*f + 3. Suppose -i + 3 + 14 = -2*p, -p = i + 1. Calculate n(p).
3
Suppose 0*n - 4*n = 3*n. Let t(m) = m - 5. What is t(n)?
-5
Let r(d) = -6*d**3 + 13*d**2 + 4*d + 4. Let p(u) = 5*u**3 - 12*u**2 - 3*u - 5. Let z(l) = 5*p(l) + 4*r(l). Calculate z(8).
-1
Let k(q) = -2*q**3 - 2*q**2 + 3*q - 5. Let s(w) = w**3 - w**2 + 1. Let u(c) = -k(c) - s(c). What is u(-4)?
0
Let t(y) = -y - 5. Let j be t(-5). Let w(q) be the third derivative of q**6/120 - q**5/60 - 8*q**3/3 - 7*q**2 - 5. Calculate w(j).
-16
Let h(r) = 7 - 25*r + 7*r + 17*r + 6. Give h(9).
4
Let o(f) = -f + 10. Suppose 5*a + 3*u - 190 = -2*u, 0 = u + 4. Suppose 27 = -a*b + 45*b. Calculate o(b).
1
Let u(v) = -v**3 - 16*v**2 + v + 13. Suppose -12*b + 15 = -15*b, 2*t + 17 = 3*b. Give u(t).
-3
Let v = -1 - -3. Suppose -v*x = -x. Let f(k) = -k**2 - 6. Calculate f(x).
-6
Let l(j) = -j - 2. Let w(o) = -o - 1. Suppose 0 = -5*i + 5*d - 43 + 8, 0 = 5*i + 5*d + 15. Let g(x) = i*w(x) + 4*l(x). What is g(-3)?
-6
Let t(x) = x**3 - 7*x**2 - 2*x - 2. Let l = -18 - -23. Let n(q) = q**2 - 8*q + 22. Let y be n(l). Give t(y).
-16
Let n(k) be the second derivative of k**4/12 + 2*k**3 + 9*k**2/2 + 3*k - 5. Calculate n(-10).
-11
Let p = -3 - -6. Suppose 6 = -z - 4*y, -11*y + 12*y + 12 = 5*z. Let f(h) = 65*h + h**2 - 63*h - z*h**3 - 2 + h**3 - 2. What is f(p)?
-16
Suppose 0 = d + 2*q + 16, 4*d - 3*q + 9 = -22. Let i(a) = -a**2 - 10*a - 3. Determine i(d).
-3
Let j be -3*(6 - (-60)/36). Let n(y) = y**2 + 21*y - 36. Give n(j).
10
Let h(f) be the first derivative of f**2 - 3*f + 2540. Suppose 3*a = 4*a - 10. Let l be ((-12)/(-10))/((-3)/a). Give h(l).
-11
Let o = -574 - -579. Let p(v) = -v**2 - v. Let l(n) = -5*n. Let x(k) = l(k) - p(k). Calculate x(o).
5
Suppose -n = 4*n - 10. Let i(v) = -1 + 3*v + v**2 + 0*v + 0*v**n. Suppose -39*l - 189 = -33. Determine i(l).
3
Let l(c) = c**3 - 2*c**2 - 3*c + 2. Let i(w) = w**3 - w**2 - 2*w + 1. Let d(s) = 5*i(s) - 6*l(s). Suppose 0 = a - 6 - 2. Determine d(a).
-7
Suppose 208 = 3*c - 47. Let t = -78 + c. Let y(o) = o - 16. What is y(t)?
-9
Suppose -f = 12*f + f. Suppose 0 = 3*l - 4 - 2. Let a(z) = -1 - 4*z**l + f*z + z - 5*z + 2*z. Give a(-2).
-13
Let b = -33 + 29. Let g(s) = 18 + 0*s - 17 + 3*s. Determine g(b).
-11
Let a(v) = v - 5. Let w be a(5). Let p(z) be the second derivative of -14*z - 2 + 1/20*z**5 + 7*z**2 + 0*z**4 - 1/6*z**3. Calculate p(w).
14
Let s(d) be the second derivative of 3*d**3/2 + 5*d**2 + 2*d. Let n(q) = 5*q + 5. Let w(a) = 11*n(a) - 6*s(a). Give w(6).
1
Let m = -460 - -456. Let w(s) = -s**3 - 6*s**2 - 5*s. Determine w(m).
-12
Let x(s) be the third derivative of s**6/720 + s**5/15 + 3*s**4/8 - 7*s**2. Let a(m) be the second derivative of x(m). Determine a(-8).
0
Suppose 0 = -5*y + 17 + 3. Let j be 192/(-20) - y/10. Let i(z) = -z**3 - 9*z**2 + 11*z + 4. Give i(j).
-6
Suppose -y + 15 = 2*y. Let h(w) = 7 - w**2 - 2*w - 5*w - 4*w + y*w. What is h(-5)?
12
Let l(t) be the second derivative of -t**3/3 + 7*t**2/2 + 16*t. Suppose -3*i + 6 = -3. Let f = 2 + i. Calculate l(f).
-3
Let x(o) = -2*o**3 + o**2 - o. Suppose -4*v = -9*v + 10. Suppose 0 = -b + 3 - v. Give x(b).
-2
Let u(w) = -3*w**3 + 2*w**2 + 5*w + 4. Let s(j) = -3*j**2 - 40*j - 39. Let f be s(-1). Calculate u(f).
26
Let u(c) = -2*c + 23. Let q = -492 - -506. Calculate u(q).
-5
Let x(m) = -1 + 11 + 2*m + m**3 - 11 + 2*m**3. What is x(1)?
4
Let f(v) be the first derivative